5. Is g(7) a composite number?
False
Let x = -81 + 346. Is x a composite number?
True
Suppose -p = -3*g + 26, 4*g = -5*p - 0 + 22. Suppose -t - 1 = -3*c + 7, 2*t = 4*c - g. Suppose 0 = 5*w - 4*h - 43, t*h - 5 = -13. Is w a prime number?
True
Let w(u) = -40*u - 1. Is w(-2) prime?
True
Suppose 50 = -2*v + 72. Is v a prime number?
True
Let m = 1 - -1. Suppose -44 = -3*i + m*v - v, -62 = -5*i - 4*v. Is i a composite number?
True
Let f(v) = 284*v + 61. Is f(7) a prime number?
False
Let g(z) = -z**2 + 2*z + 3. Let c be g(-2). Let o(l) = l**2 + 11*l - 10. Let w be o(-11). Is (-2)/c - 646/w a prime number?
False
Let f be ((-30)/(-3))/(-1)*-1. Let c = f - 3. Is c composite?
False
Let p = 456 + -199. Is p a composite number?
False
Let l(r) = 29*r - 4. Suppose -9 = 3*j - 6*j. Is l(j) a prime number?
True
Let d be 44/10 - (-10)/(-25). Suppose 4*q + 8 = -d. Is -1*97*(-4 - q) a prime number?
True
Let a be (-1)/(-2 - (-174)/86). Is 4/(-8) + a/(-2) composite?
True
Let s = 0 - 2. Let z be 0 + -39 - (3 + s). Is (1 + z)*(-6)/18 prime?
True
Let x(i) = i**3 + 7*i**2 - 2. Let f be x(-7). Let m(s) = s - 1. Let y(d) = -5*d + 4. Let p(u) = 18*m(u) + 4*y(u). Is p(f) prime?
True
Suppose 115 = 3*b + 22. Suppose b = -5*i + 6*i. Is i prime?
True
Let j = 6 - 4. Let z be 3 - (1 - 0) - j. Suppose -5*y - 3*i + 808 = 0, z = -5*y + i - 170 + 974. Is y a composite number?
True
Let g(l) = 9*l - 13. Is g(4) a prime number?
True
Let c be 1/(-4) + (-18)/(-8). Suppose p = 3*h - 38, -4*h + 2*p + 52 + c = 0. Let d = 36 + h. Is d a composite number?
False
Suppose 0*z - 16 = 4*z. Let b(m) = 33*m + 20. Let d(y) = 8*y + 5. Let x(q) = 2*b(q) - 9*d(q). Is x(z) a composite number?
False
Let q(z) = 5*z**2 - 8. Let l(f) = -f**2 - f + 1. Let u(t) = -6*l(t) - q(t). Let w be u(-6). Is ((-7)/w)/(3/(-6)) a composite number?
False
Suppose 0 = d - 0*d + 3*t - 170, -5*d = -3*t - 796. Suppose -k + 42 = -d. Is k a composite number?
True
Suppose 3*s = -2*u + 11, -2*u - 19 = -s - 2*s. Suppose 0*w - w + s = 0. Suppose 4*x - 258 = y, 0 = -2*x - 8*y + w*y + 136. Is x a composite number?
True
Is -1 + 2 + (25 - -11) composite?
False
Let c be 6/5*(-15)/(-6). Suppose x = i - x - 87, 2*i - 188 = -c*x. Is i composite?
True
Let k(g) be the third derivative of g**4/6 + 2*g**3 + g**2. Let t be k(-8). Is 246/10 - 8/t a composite number?
True
Let j(o) = 28*o + 2. Is j(2) a composite number?
True
Suppose -2*z + 35825 = 3*z + 5*j, -j - 14330 = -2*z. Is z composite?
True
Let l(s) = s**2 - s + 8. Let b be l(0). Suppose 0 = -4*w - 3 - 17. Let p = w + b. Is p composite?
False
Let k(w) = 91*w - 6. Is k(7) a prime number?
True
Let c(z) = z + 2. Let y be c(-2). Suppose 4*x + 3*o = -y*x + 148, 2*o = 4*x - 148. Is x prime?
True
Let n(w) = -5*w - 17*w + 13 + w. Is n(-6) a composite number?
False
Is 2430/2 + -2*(-2)/(-2) a composite number?
False
Let q = -2 - 6. Let l be -2 - -1 - q/4. Is (-53)/((l - 3) + 1) a prime number?
True
Let s(m) be the third derivative of m**6/120 - m**5/120 + m**4/8 - m**3/3 + 3*m**2. Let b(q) be the first derivative of s(q). Is b(4) prime?
True
Let z(g) be the first derivative of g**4/4 + 7*g**3/3 - 5*g**2 + 5*g - 4. Is z(-8) composite?
True
Let z = 2 + 0. Let x = 5 - z. Suppose 2*m - x*v = 58, -5*m + 2*v + 187 = 5*v. Is m a prime number?
False
Suppose 5*a + 0*j - 5*j = 20, 2*a = -5*j + 1. Suppose -k + 5 = a. Is 2 - (k - 158/2) prime?
True
Let l = 14 - 8. Let u(w) = -13*w**3 + 24*w**2 - 16*w + 12. Let p(x) = -3*x**3 + 6*x**2 - 4*x + 3. Let v(k) = -9*p(k) + 2*u(k). Is v(l) composite?
True
Suppose 4 = s - 1. Suppose 0 = -s*u + 13 + 22. Is u a composite number?
False
Suppose -25*x + 29*x = 764. Is x composite?
False
Let d(p) = 24*p - 2. Let j be 9/((-9)/(-3)) - -2. Is d(j) a prime number?
False
Let y = -4 - -8. Suppose 5*g = -3*j, 0 = -j + g - 4*g. Suppose -y*z - z + 485 = j. Is z a composite number?
False
Let n be (0 + 70)*(-24)/(-20). Suppose -3*x - 105 = -5*o, -4*o + 0*x + n = -4*x. Is (-2)/(-1*3/o) composite?
True
Let r(k) = 2*k**2 + 8*k - 4. Let b be r(-7). Let c = b - 1. Is c a composite number?
False
Let o(r) = -48*r + 6. Let p be o(-5). Suppose -3*a + 4*c + 275 = 0, -666 + p = -5*a - c. Is a a composite number?
True
Let m = -23 - -70. Suppose -4*u = o - 56, 3*u + 0*o - m = -2*o. Is u a prime number?
True
Let m = 1976 - 499. Is m a composite number?
True
Suppose 2*a - 7*a - b + 1236 = 0, 0 = 5*a + 4*b - 1224. Suppose -5*i = -4*v + a, 3*v = -3*i + 126 + 87. Is v a prime number?
True
Suppose -4*w = -2*m - 86, w - 4*w + 75 = 2*m. Is w a composite number?
False
Let o(n) = 130*n + 5. Is o(3) composite?
True
Is 0/((-8)/(-2)) + 91 prime?
False
Suppose -8 = s + 27. Let t = s - -166. Is t prime?
True
Let r(v) = -v**3 - 6*v**2 - 2*v + 8. Is r(-7) composite?
False
Let p(r) = r**2 + 5*r - 1. Let y be p(-5). Let a(n) = -11*n. Let b be a(y). Suppose c - 11 - b = 0. Is c prime?
False
Let l = 14 + 465. Is l composite?
False
Suppose -4 = 2*d, 3*w - 5*d - 217 = 57. Suppose -5*x + w = -x. Is x prime?
False
Suppose 20*q - 6718 = 18*q. Is q a composite number?
False
Suppose -3 = k - 12. Let l = k - 7. Suppose l*g - 5*g = -2*t + 47, -4*t + 91 = -5*g. Is t prime?
True
Let s(v) = -v**3 + 5*v**2 - 3*v. Let r = 13 + -9. Let k be s(r). Suppose -k*b + 394 = -114. Is b a prime number?
True
Let h be 84/(-9)*30/(-4). Suppose 2*a + 4*q = h, 4*q - 10 + 2 = 0. Is a prime?
True
Let i be 9/12 - 9/12. Suppose -5*l + i*k - 4*k + 923 = 0, -4*l + 3*k + 726 = 0. Suppose x - 2*x = -l. Is x composite?
True
Suppose 3*o + 145 = 8*o. Suppose -2*v + o = -4*a - 21, 3*v = 2*a + 87. Is v a prime number?
True
Let k(o) = o + 5. Let v be k(-3). Suppose 0 = v*j - d + 14, -d = j + 4*d - 4. Is (-274)/j + 3/9 a prime number?
False
Suppose 0 = -4*j - 1069 + 8961. Is j a prime number?
True
Let m(t) = 27*t + 1. Let v be m(-1). Let i = v - -5. Let s = 38 - i. Is s composite?
False
Suppose -15 = -k + 4*g, -4*k = -0*k + 3*g - 117. Is (-2174)/(-18) + 6/k composite?
True
Let n(a) = a**3 - 10*a**2 - 5*a + 1. Is n(13) a composite number?
False
Let u(g) = -16*g - 1. Suppose -4*d + 9*d - 25 = 0. Suppose 13 = r + d*q, 5*r = -0*r + 5*q - 55. Is u(r) prime?
False
Let l be (-2)/3 - 8/(-12). Let a be 7 + (l - (2 + -1)). Suppose -135 = -3*m + a. Is m a prime number?
True
Let m(n) = -56*n - 29. Is m(-6) a composite number?
False
Is (-1)/2 - ((-8775)/(-10))/(-13) prime?
True
Suppose 4*z = -z + 10. Let q(l) = 0 - 2*l**z + 3 - 2 + 4*l**2. Is q(4) a composite number?
True
Let o(j) = -j**2 - 14*j - 17. Let g be o(-12). Suppose -w + g = -6. Is w prime?
True
Let x(m) = 227*m**2 - 3*m + 7. Is x(-3) prime?
False
Suppose -4*i + 1174 = 4*b - 2*i, 4*b - 3*i - 1149 = 0. Is b prime?
False
Suppose 5*j = 2*j. Suppose 5*u + 10 = j, 3*m = 5*m - 4*u - 2. Is (2/m)/(6/(-1341)) composite?
False
Let b = 47 + -28. Is b composite?
False
Let n = -13 + -4. Let u = n + 54. Is u a prime number?
True
Suppose 0 = -0*v + 3*v + 3. Let h(j) be the third derivative of -35*j**4/24 - j**3/6 - j**2. Is h(v) a composite number?
True
Suppose -2*w + 740 = -6. Is w a prime number?
True
Suppose -3*j - 20 = 2*j. Let a = 4 - j. Let f(t) = -t**3 + 8*t**2 + t + 5. Is f(a) prime?
True
Let g(j) = 7*j**2 + 4*j + 2. Let y = 3 - 5. Is g(y) prime?
False
Suppose -2*m + 1607 = -5*k, 0 = m + k + 3*k - 771. Is m a prime number?
False
Suppose 3*d = -i - 0*i + 191, i + 4*d = 193. Is i a prime number?
False
Let m = -98 + 231. Is m prime?
False
Let z(p) be the third derivative of -9*p**6/40 + p**4/12 - p**3/6 - 2*p**2. Is z(-2) a composite number?
False
Let y be (-10)/15 + 166/6. Suppose -y = -2*z + 5*m, -4*z - m - 5 + 4 = 0. Is (0 - -57)*z/3 a prime number?
True
Let s(g) = -g**3 + 5*g**2 - 4*g - 1. Let v be s(3). Suppose -v*l = -l - 84. Is (l/12)/((-1)/(-28)) composite?
True
Let l(n) = -n**2 + n**2 + n**2 + 2*n. Let z be l(-8). Let k = z + -29. Is k a composite number?
False
Let z(v) = v - 1. Let b be z(-3). Let w = 6 + b. Suppose 5*l - f = -5*f + 229, -w*l + f = -102. Is l prime?
False
Suppose 3*s - 2 - 10 = 0. Let t be (1 - 2)*(s + -1). Is -3 + (-1)/(t/54) a composite number?
True
Suppose 4*b - 18 = -5*o, -b + 0*b + 6 = 2*o. Let l be (b/4)/(2/4). Is l*(-15)/12*-20 composite?
True
Suppose -4*x - 4*u + 62 = -2*x, 0 = -2*x - u + 62. Is x a prime number?
True
Is (0 + 1)/(4/628) prime?
True
Suppose 0 = -3*w, 2*y - y + 2*w - 103 = 0. 